on factor of 35 and i?
35
Suppose 3*z + 4*k = 8*k + 28, 2*k = 2*z - 16. Suppose z*c + 4*m = 268 - 40, 5*c - 2*m = 250. Calculate the greatest common divisor of 156 and c.
52
Let d(p) = 5*p - 2. Let a be d(1). Suppose -z - 4*z + 884 = 4*g, 3*z - 660 = -a*g. Suppose -3*k + 34 + 47 = 0. What is the highest common divisor of k and g?
27
Let d = 215 - 212. Suppose -5*t + 295 = 7*n - 2*n, -2*n = d*t - 113. Calculate the highest common factor of 8 and n.
8
Let n(v) = v**3 + 17*v**2 + 18*v + 51. Let u be n(-16). Let g be (-3)/(-5) + (-104)/(-10). Let m = g - -160. Calculate the highest common divisor of u and m.
19
Suppose 53*l = z + 52*l - 4, 27 = 5*z - 4*l. What is the greatest common divisor of z and 9229?
11
Suppose -2*i + i = -1. Suppose z = 3*p + 15, 59*p - 60*p - 30 = -2*z. Let u = i + z. Calculate the highest common factor of 32 and u.
16
Let i(c) = 35*c**2 - 40*c + 155. Let u be i(5). What is the highest common factor of u and 10?
10
Suppose 5*x + 2*g - 23088 = -4878, g = 5. What is the greatest common divisor of 120 and x?
40
Let u = 126 + -136. Let q be -32*(4/8)/(u/470). What is the greatest common factor of 16 and q?
16
Let f(i) = 1. Let h(b) = 3*b**2 + 52*b + 19. Let n(o) = f(o) + h(o). Let g be n(-18). Calculate the highest common divisor of 448 and g.
56
Let q be 774/(-6579) - 1222236/(-34). Calculate the highest common factor of q and 11.
11
Suppose 7*g = 9*g - 40. Suppose 4*t - g = 0, 3*h + t - 1 = -t. Let o be ((-12)/(-8))/(h/(-36)). What is the greatest common divisor of o and 72?
18
Suppose -c + 6*z = 3*z - 14, 12 = -4*c - 5*z. Let t(u) = 3*u**2 - u - 4. Let w be t(c). What is the highest common divisor of w and 15?
3
Let d = 16 + -5. Let l = 351973 + -351797. Calculate the highest common divisor of d and l.
11
Let g = -6 + 9. Suppose 5*q - 79 = -3*v, 4*q = 23*v - 21*v + 72. Let z = g + q. What is the greatest common factor of z and 4?
4
Let k(m) = -100*m**3 - m**2 - m. Let y be k(-1). Let a be (-7 + -7 + 18)*((-16)/(-4))/4. What is the highest common divisor of a and y?
4
Let d(k) = k**3 - 6*k**2 + 6*k - 3. Let x be d(5). Suppose 2 = -x*b + b. Let s = b + 42. Calculate the highest common factor of 40 and s.
40
Let s be ((-13)/(-1) - 1)*(-51)/(-9). Calculate the highest common factor of s and 1564.
68
Suppose -3*i + 2*q = 7*q - 2960, -5*q = 10. What is the highest common divisor of 90 and i?
90
Suppose 28*l - 17*l = 8349. What is the greatest common factor of 345 and l?
69
Let l(a) = a**3 - 5*a**2 + 25*a - 180. Let s be l(6). What is the greatest common factor of s and 4482?
6
Let x be (72/21)/((-108)/(-378)). Let o(n) = -2*n + 2. Let z be o(2). Let u be (16/6)/(z/(-6)). Calculate the highest common divisor of u and x.
4
Let a be (11 - (7 - 1)) + 0/2. Suppose a*g + 7*w = 2*w + 65, -g + 5*w = -37. What is the greatest common factor of g and 85?
17
Let g be -39*(-9)/21 - 2/(-7). Suppose 5*u - 5*f - 258 = 3*u, -234 = -2*u - f. What is the greatest common factor of u and g?
17
Suppose -126 = -4132*v + 4130*v. Let r be (2 + 1)/(-4 + 5). Suppose -39 = -2*w - r. Calculate the greatest common factor of w and v.
9
Let z(c) = -c**3 - 72*c**2 + 163*c + 1173. Let p be z(-74). Let s be -3 - (-3)/3 - -38. Calculate the highest common factor of p and s.
9
Let d = -131 - -236. Let w = -28295 - -28300. Calculate the highest common factor of w and d.
5
Let k be 1 + ((-27)/15)/3 - 1220373/(-105). What is the highest common factor of 591 and k?
197
Let m(c) = 4*c + 0*c + 30*c**2 - c - 5*c. Let o be m(-1). Let p be ((-4)/o*-20)/(2/44). What is the greatest common divisor of 22 and p?
11
Suppose 30*o + 4*m - 842 = 29*o, 2*m = -4*o + 3396. Let f = -840 + o. Calculate the greatest common factor of 9 and f.
1
Let h(z) = 28*z**3 + z**2 + z - 1. Let l be 2*(-5)/50*-5. Let f be h(l). What is the highest common factor of f and 290?
29
Let l be (2/(-8)*14)/(1/26). Let f be 4/(-14)*l/52*22. Let n(a) = 9*a - 88. Let b be n(f). Calculate the highest common factor of b and 44.
11
Let t(b) = 2*b - 12. Let c be t(10). Let z be ((c - 3) + -5)/((-4)/(-2)). Suppose z = 3*y + 62 - 227. Calculate the greatest common divisor of y and 11.
11
Suppose 0 = 4*a + k - 1487, 14*k = 3*a + 11*k - 1119. Calculate the greatest common divisor of a and 48.
12
Suppose 259932 = 37*k - 157317. Calculate the highest common factor of k and 63.
63
Let w = 1 + -2. Let o = w - -5. Let f = -7662 - -7694. What is the highest common factor of f and o?
4
Let n be (-40 + 36)*(-2)/20 + 8590/25. Calculate the greatest common factor of n and 88.
8
Suppose -115*k = -71*k - 185416. What is the greatest common divisor of 86 and k?
86
Let x = 11 + -9. Suppose -7 = -t + 2*l, t + 3*l - 50 = -3*t. Suppose -t*z - 50 = -16*z. Calculate the greatest common divisor of x and z.
2
Let o(y) = 15*y**2 - 9. Let n(p) = 9*p + 113. Let z be n(-13). Let w be o(z). Calculate the greatest common factor of 21 and w.
21
Let u = 480 - 1291. Let f = u + 908. What is the highest common divisor of f and 1649?
97
Let q = 159 - 131. Calculate the greatest common factor of 63 and q.
7
Suppose -25*o = -28*o - 3*v + 18933, -3*o + 3*v + 18981 = 0. What is the highest common factor of o and 178?
89
Let c be (1/(-1) + 6)*128/(-160). Let m be (6/c - -2)*198. Suppose -2 = 2*k - 20. Calculate the greatest common divisor of k and m.
9
Let j be (366/4)/((-27835)/(-1634) - 17). What is the highest common factor of 793 and j?
61
Let i(l) = 55*l - 103*l - 9 + 3*l**2 + 49*l. Let y be i(-4). Calculate the highest common factor of y and 280.
35
Let p be (-18610)/(-42) + 1 + (6 - (-256)/(-42)). Suppose 2*q + 34 = -5*y + 150, q - 46 = -2*y. What is the highest common factor of y and p?
12
Let w(z) = -z**3 + 19*z**2 + 131*z - 180. Let h be w(24). Calculate the highest common factor of h and 17871.
21
Let f = 1667 - 1069. Calculate the greatest common divisor of 460 and f.
46
Let q(p) = -318*p + 4987. Let o be q(15). Suppose -3*x - v = -367, -5*x + 0*v + 625 = -v. Calculate the greatest common divisor of x and o.
31
Let x = -22891 + 31977. What is the highest common factor of x and 154?
154
Let s be 8/(-32) + 294/24. Calculate the highest common factor of 30 and s.
6
Suppose 3*f - o - 3*o + 24 = 0, -f = -5*o + 19. Let y = 10 + f. Suppose -y*q + 200 = -64. What is the greatest common divisor of 132 and q?
44
Suppose n = -4*b + 40, -n = -0*n - 4*b. Let j = 123 + n. What is the greatest common divisor of 22 and j?
11
Suppose -62*o + 33834 = -93142. Calculate the greatest common factor of o and 928.
32
Let i be (-76)/36 - 1/(-9). Let j(a) = a**2 + 4*a - 5. Let p(l) = l. Let v(f) = j(f) - 5*p(f). Let h be v(i). Calculate the highest common divisor of 3 and h.
1
Let m = 6828 - 6792. What is the highest common divisor of m and 252?
36
Let c be ((-18)/20*4)/(4/(-10)). Let i = -45 - -18. Let s be (56/(-12))/(2/i). Calculate the highest common factor of c and s.
9
Let c be (-7)/((-357)/3564) + 38/323. Calculate the highest common divisor of c and 1250.
10
Suppose 0 = -2*o + n - 18 - 13, 0 = 5*o + 4*n + 71. Let l be 49 - ((-3)/o)/(4/20). What is the highest common factor of l and 6?
6
Let h be 37 - (0 + 1 + -2). Let t(l) = -586*l + 65. Let q be t(3). Let c = q - -1712. What is the greatest common divisor of c and h?
19
Suppose 0 = 53*g - 20*g + 56*g - 149965. What is the highest common factor of g and 5?
5
Let h = -1578 - -1666. Suppose 4*m - g = 6*m - 1, 0 = -g - 3. Let l = 9 + m. Calculate the highest common divisor of h and l.
11
Let m(f) = 2*f**2 - 10*f - 10. Let p(z) = z**2 - 5*z - 4. Let a(v) = 4*m(v) - 7*p(v). Let q be a(-4). What is the greatest common divisor of 180 and q?
12
Suppose 5*o - 8 = -4*y, -3*y - 14 + 5 = 0. Suppose o*m = 3*s - 8*s + 158, -s - 3*m = -25. Let j = 449 + -245. Calculate the greatest common divisor of j and s.
34
Suppose 3*g + 4*k - 860 = 0, 3*g + k - 151 = 721. Calculate the greatest common divisor of 1606 and g.
146
Let y = 19879 - 14191. Calculate the highest common divisor of y and 40.
8
Suppose 215 = 40*t + 4 - 29. Suppose -5*s + 108 = -y, -4*s + 2*y + 78 = 4*y. Calculate the greatest common divisor of s and t.
3
Let l = 466 + -463. Let d be 1 + 22 + (-2 - l). What is the highest common factor of d and 24?
6
Suppose -q + 5*y + 36 = 10, 4*y = 5*q - 151. Let b be (-4)/9 + (-114554)/(-369). What is the greatest common divi